{"id":53,"date":"2024-01-30T11:42:22","date_gmt":"2024-01-30T10:42:22","guid":{"rendered":"https:\/\/skolazadadilje.org\/?page_id=53"},"modified":"2024-10-28T11:02:17","modified_gmt":"2024-10-28T09:02:17","slug":"ekspertsko-savetovanje","status":"publish","type":"page","link":"https:\/\/skolazadadilje.org\/index.php\/obuke\/ekspertsko-savetovanje\/","title":{"rendered":"Ekspertsko savetovanje"},"content":{"rendered":"\n\n\t\t\t\t<img loading=\"lazy\" decoding=\"async\" src=\"https:\/\/skolazadadilje.org\/wp-content\/uploads\/2024\/03\/shutterstock_2353012835-480x320.jpg\" alt=\"slika-2\" itemprop=\"image\" height=\"320\" width=\"480\" title=\"slika-2\" onerror=\"this.style.display='none'\"  \/>\n\t\t\t<h4>\n\t\t\t\t\tEkspertsko savetovanje\n\t\t\t\t<\/h4>\n\t\t\t<p>Savetodavna slu\u017eba udru\u017eenja dadilja Srbije VIP NANNY&#8217;S pru\u017ea stru\u010dnu podr\u0161ku porodicama sa malom decom, kompanijama, kao i profesionalcima iz domena svojih kompetencija, kroz ekspertsko savetovanje.<\/p>\n<p>\u00a0<\/p>\n<p>Savetodavna slu\u017eba na raspolaganju je za virtuelni poziv a u zavisnosti od vrste savetovanja, cenovnik usluga po satu mo\u017ee varirati izme\u0111u <strong>250 &#8211; 1500 EUR.<\/strong><\/p>\n<p>\u00a0<\/p>\n<p>Prvih 15 minuta konsultacija su besplatne a nakon Va\u0161eg upita saop\u0161ti\u0107emo Vam punu cenu savetovanja, kao i dostupne termine.<\/p>\n<p>\u00a0<\/p>\n<p>Zaka\u017eite ekspertsko savetovanje <a href=\"https:\/\/forms.gle\/iZssRFnAephjAvr39\" target=\"_blank\" rel=\"noopener\"><u>ovde.<\/u><\/a><\/p>\n\t<h2><strong>USKORO ONLINE OBUKA!<\/strong><\/h2>\n\n","protected":false},"excerpt":{"rendered":"<p>Ekspertsko savetovanje Savetodavna slu\u017eba udru\u017eenja dadilja Srbije VIP NANNY&#8217;S pru\u017ea stru\u010dnu podr\u0161ku porodicama sa malom decom, kompanijama, kao i profesionalcima iz domena svojih kompetencija, kroz ekspertsko<span class=\"excerpt-hellip\"> [\u2026]<\/span><\/p>\n","protected":false},"author":1,"featured_media":0,"parent":20,"menu_order":1,"comment_status":"closed","ping_status":"closed","template":"","meta":{"footnotes":""},"class_list":["post-53","page","type-page","status-publish","hentry"],"_links":{"self":[{"href":"https:\/\/skolazadadilje.org\/index.php\/wp-json\/wp\/v2\/pages\/53","targetHints":{"allow":["GET"]}}],"collection":[{"href":"https:\/\/skolazadadilje.org\/index.php\/wp-json\/wp\/v2\/pages"}],"about":[{"href":"https:\/\/skolazadadilje.org\/index.php\/wp-json\/wp\/v2\/types\/page"}],"author":[{"embeddable":true,"href":"https:\/\/skolazadadilje.org\/index.php\/wp-json\/wp\/v2\/users\/1"}],"replies":[{"embeddable":true,"href":"https:\/\/skolazadadilje.org\/index.php\/wp-json\/wp\/v2\/comments?post=53"}],"version-history":[{"count":15,"href":"https:\/\/skolazadadilje.org\/index.php\/wp-json\/wp\/v2\/pages\/53\/revisions"}],"predecessor-version":[{"id":403,"href":"https:\/\/skolazadadilje.org\/index.php\/wp-json\/wp\/v2\/pages\/53\/revisions\/403"}],"up":[{"embeddable":true,"href":"https:\/\/skolazadadilje.org\/index.php\/wp-json\/wp\/v2\/pages\/20"}],"wp:attachment":[{"href":"https:\/\/skolazadadilje.org\/index.php\/wp-json\/wp\/v2\/media?parent=53"}],"curies":[{"name":"wp","href":"https:\/\/api.w.org\/{rel}","templated":true}]}}